s the hundred thousands digit of 21930685?
9
What is the hundreds digit of 4205988?
9
What is the thousands digit of 309199?
9
What is the tens digit of 2262591?
9
What is the ten thousands digit of 4658569?
5
What is the ten thousands digit of 960867?
6
What is the hundred thousands digit of 178342?
1
What is the hundreds digit of 1263743?
7
What is the thousands digit of 24449?
4
What is the ten thousands digit of 7043785?
4
What is the tens digit of 2339621?
2
What is the tens digit of 5531470?
7
What is the hundred thousands digit of 1058124?
0
What is the units digit of 232969?
9
What is the ten thousands digit of 11144260?
4
What is the millions digit of 5119404?
5
What is the ten thousands digit of 29221300?
2
What is the ten thousands digit of 956655?
5
What is the millions digit of 6080419?
6
What is the millions digit of 3500823?
3
What is the thousands digit of 9106092?
6
What is the units digit of 518922?
2
What is the thousands digit of 2844260?
4
What is the tens digit of 1298314?
1
What is the tens digit of 3740694?
9
What is the units digit of 137814?
4
What is the hundred thousands digit of 4045681?
0
What is the hundred thousands digit of 161803?
1
What is the hundred thousands digit of 248906?
2
What is the ten thousands digit of 22820?
2
What is the ten thousands digit of 9459996?
5
What is the hundreds digit of 239542?
5
What is the units digit of 2913945?
5
What is the units digit of 1153983?
3
What is the hundreds digit of 668203?
2
What is the ten thousands digit of 2030289?
3
What is the hundreds digit of 9791604?
6
What is the hundred thousands digit of 5592578?
5
What is the ten millions digit of 17538714?
1
What is the hundred thousands digit of 14093296?
0
What is the tens digit of 599646?
4
What is the tens digit of 368645?
4
What is the millions digit of 1199897?
1
What is the thousands digit of 1217644?
7
What is the thousands digit of 1639822?
9
What is the ten thousands digit of 494503?
9
What is the units digit of 23557467?
7
What is the tens digit of 201462?
6
What is the thousands digit of 3095617?
5
What is the hundred thousands digit of 254426?
2
What is the thousands digit of 2601530?
1
What is the tens digit of 244615?
1
What is the hundreds digit of 2211972?
9
What is the ten thousands digit of 5107228?
0
What is the tens digit of 308235?
3
What is the tens digit of 8597343?
4
What is the tens digit of 820942?
4
What is the units digit of 4953610?
0
What is the ten thousands digit of 13956831?
5
What is the units digit of 99644?
4
What is the tens digit of 6793572?
7
What is the hundred thousands digit of 1292258?
2
What is the units digit of 262411?
1
What is the ten thousands digit of 2089627?
8
What is the millions digit of 2054375?
2
What is the thousands digit of 460889?
0
What is the thousands digit of 350967?
0
What is the hundred thousands digit of 1394660?
3
What is the tens digit of 1133576?
7
What is the thousands digit of 694051?
4
What is the units digit of 1464411?
1
What is the ten thousands digit of 4246742?
4
What is the tens digit of 473774?
7
What is the units digit of 871231?
1
What is the units digit of 1087776?
6
What is the millions digit of 20279636?
0
What is the thousands digit of 9850949?
0
What is the tens digit of 402667?
6
What is the hundreds digit of 1211550?
5
What is the millions digit of 14052529?
4
What is the thousands digit of 306563?
6
What is the tens digit of 9026813?
1
What is the ten thousands digit of 96681?
9
What is the thousands digit of 258417?
8
What is the millions digit of 9612169?
9
What is the ten thousands digit of 14734286?
3
What is the hundreds digit of 1083193?
1
What is the ten millions digit of 10888929?
1
What is the thousands digit of 13035230?
5
What is the hundreds digit of 3574899?
8
What is the hundred thousands digit of 4236854?
2
What is the thousands digit of 23702754?
2
What is the units digit of 3273193?
3
What is the ten thousands digit of 7230318?
3
What is the hundred thousands digit of 411619?
4
What is the tens digit of 825773?
7
What is the tens digit of 451833?
3
What is the tens digit of 847736?
3
What is the thousands digit of 26970176?
0
What is the thousands digit of 2751857?
1
What is the tens digit of 617105?
0
What is the units digit of 1283558?
8
What is the hundred thousands digit of 5083094?
0
What is the ten thousands digit of 857143?
5
What is the thousands digit of 20300733?
0
What is the units digit of 81995?
5
What is the ten thousands digit of 8133184?
3
What is the hundreds digit of 10218233?
2
What is the thousands digit of 1501026?
1
What is the millions digit of 11709073?
1
What is the hundred thousands digit of 922934?
9
What is the tens digit of 156942?
4
What is the millions digit of 8554662?
8
What is the thousands digit of 778435?
8
What is the thousands digit of 4366966?
6
What is the hundreds digit of 3970183?
1
What is the millions digit of 20878732?
0
What is the ten thousands digit of 3827612?
2
What is the ten thousands digit of 2976846?
7
What is the ten thousands digit of 246200?
4
What is the hundreds digit of 599541?
5
What is the hundred thousands digit of 699378?
6
What is the ten millions digit of 22014411?
2
What is the thousands digit of 2643207?
3
What is the millions digit of 2673630?
2
What is the hundreds digit of 68552?
5
What is the hundred thousands digit of 270567?
2
What is the tens digit of 555628?
2
What is the units digit of 13692274?
4
What is the hundreds digit of 65566?
5
What is the units digit of 27969966?
6
What is the ten thousands digit of 3103611?
0
What is the ten thousands digit of 2572359?
7
What is the units digit of 3391540?
0
What is the hundreds digit of 114010?
0
What is the millions digit of 4911412?
4
What is the hundreds digit of 123950?
9
What is the tens digit of 25230758?
5
What is the hundred thousands digit of 2038816?
0
What is the ten thousands digit of 76204?
7
What is the ten thousands digit of 1633726?
3
What is the units digit of 23673868?
8
What is the hundreds digit of 394534?
5
What is the hundreds digit of 22808436?
4
What is the millions digit of 14101622?
4
What is the thousands digit of 14159056?
9
What is the ten thousands digit of 598367?
9
What is the ten thousands digit of 946755?
4
What is the thousands digit of 915539?
5
What is the units digit of 248568?
8
What is the hundred thousands digit of 392894?
3
What is the hundred thousands digit of 209158?
2
What is the thousands digit of 7659188?
9
What is the units digit of 315354?
4
What is the thousands digit of 1852040?
2
What is the hundreds digit of 1944202?
2
What is the tens digit of 9812538?
3
What is the thousands digit of 121564?
1
What is the units digit of 538066?
6
What is the tens digit of 241349?
4
What is the units digit of 7559204?
4
What is the hundreds digit of 871317?
3
What is the units digit of 9674821?
1
What is the ten millions digit of 11461379?
1
What is the hundreds digit of 4145087?
0
What is the tens digit of 6626604?
0
What is the thousands digit of 12558008?
8
What is the tens digit of 203833?
3
What is the ten thousands digit of 349622?
4
What is the thousands digit of 1440219?
0
What is the hundreds digit of 9238460?
4
What is the ten thousands digit of 31342?
3
What is the units digit of 988594?
4
What is the units digit of 608654?
4
What is the tens digit of 11893109?
0
What is the ten thousands digit of 1199160?
9
What is the units digit of 1247902?
2
What is the tens digit of 8108100?
0
What is the millions digit of 22251739?
2
What is the hundreds digit of 1552011?
0
What is the units digit of 10446648?
8
What is the hundred thousands digit of 13177342?
1
What is the thousands digit of 890208?
0
What is the hundred thousands digit of 290761?
2
What is the units digit of 13560?
0
What is the thousands digit of 259191?
9
What is the ten thousands digit of 354962?
5
What is the tens digit of 61196?
9
What is the tens digit of 363297?
9
What is the hundreds digit of 2858845?
8
What is the ten thousands digit of 74306?
7
What is the ten thousands digit of 697052?
9
What is the units digit of 3645399?
9
What is the tens digit of 5264384?
8
What is the hundred thousands digit of 7825632?
8
What is the tens digit of 3900645?
4
What is the hundred tho